lculate the remainder when 42612 is divided by 21.
3
Calculate the remainder when 83 is divided by 23.
14
What is the remainder when 77818 is divided by 327?
319
Calculate the remainder when 6414 is divided by 4624.
1790
What is the remainder when 22694 is divided by 463?
7
What is the remainder when 619664 is divided by 14?
10
What is the remainder when 3942 is divided by 904?
326
Calculate the remainder when 495702 is divided by 3618.
36
Calculate the remainder when 13176 is divided by 4.
0
Calculate the remainder when 79043 is divided by 28.
27
Calculate the remainder when 1248848 is divided by 25.
23
Calculate the remainder when 94059 is divided by 15668.
51
What is the remainder when 6556 is divided by 2185?
1
Calculate the remainder when 1630 is divided by 735.
160
What is the remainder when 297 is divided by 10?
7
Calculate the remainder when 28405 is divided by 1018.
919
What is the remainder when 465 is divided by 343?
122
Calculate the remainder when 3405 is divided by 348.
273
What is the remainder when 5065 is divided by 1879?
1307
What is the remainder when 37103 is divided by 354?
287
What is the remainder when 61218 is divided by 828?
774
Calculate the remainder when 15318 is divided by 1089.
72
What is the remainder when 131072 is divided by 58?
50
What is the remainder when 11294 is divided by 131?
28
Calculate the remainder when 45074 is divided by 83.
5
What is the remainder when 40820 is divided by 609?
17
Calculate the remainder when 624984 is divided by 119.
115
Calculate the remainder when 1799 is divided by 426.
95
Calculate the remainder when 5325 is divided by 926.
695
What is the remainder when 109705 is divided by 63?
22
What is the remainder when 2875467 is divided by 843?
837
What is the remainder when 64864 is divided by 36?
28
Calculate the remainder when 125422 is divided by 111.
103
What is the remainder when 25436 is divided by 217?
47
Calculate the remainder when 71215 is divided by 235.
10
Calculate the remainder when 22935 is divided by 181.
129
What is the remainder when 69266 is divided by 53?
48
What is the remainder when 18443 is divided by 462?
425
Calculate the remainder when 70103 is divided by 1490.
73
Calculate the remainder when 1383 is divided by 387.
222
Calculate the remainder when 65452 is divided by 186.
166
What is the remainder when 1619 is divided by 463?
230
Calculate the remainder when 1731 is divided by 1064.
667
What is the remainder when 291912 is divided by 203?
201
What is the remainder when 7641 is divided by 7?
4
Calculate the remainder when 4297 is divided by 2231.
2066
What is the remainder when 2436597 is divided by 775?
772
Calculate the remainder when 99289 is divided by 412.
409
What is the remainder when 5211 is divided by 39?
24
Calculate the remainder when 6466 is divided by 1814.
1024
What is the remainder when 65474 is divided by 5?
4
Calculate the remainder when 7230 is divided by 1726.
326
What is the remainder when 8153 is divided by 1618?
63
What is the remainder when 285555 is divided by 995?
985
Calculate the remainder when 45579 is divided by 5696.
11
What is the remainder when 12066 is divided by 603?
6
Calculate the remainder when 169778 is divided by 260.
258
What is the remainder when 4866 is divided by 445?
416
Calculate the remainder when 3590 is divided by 696.
110
What is the remainder when 4815 is divided by 20?
15
What is the remainder when 11662 is divided by 681?
85
Calculate the remainder when 1016 is divided by 165.
26
Calculate the remainder when 162785 is divided by 1071.
1064
What is the remainder when 200101 is divided by 68?
45
What is the remainder when 10953 is divided by 53?
35
What is the remainder when 447390 is divided by 757?
3
What is the remainder when 11568 is divided by 1925?
18
Calculate the remainder when 1727 is divided by 171.
17
What is the remainder when 4930 is divided by 2458?
14
Calculate the remainder when 12132 is divided by 121.
32
What is the remainder when 65010 is divided by 133?
106
What is the remainder when 1672 is divided by 330?
22
What is the remainder when 47427 is divided by 196?
191
Calculate the remainder when 315765 is divided by 9287.
7
Calculate the remainder when 25464 is divided by 2823.
57
Calculate the remainder when 361024 is divided by 30085.
4
Calculate the remainder when 65408 is divided by 1635.
8
What is the remainder when 8176 is divided by 23?
11
Calculate the remainder when 265499 is divided by 225.
224
Calculate the remainder when 83833 is divided by 41916.
1
Calculate the remainder when 33350 is divided by 127.
76
What is the remainder when 168582 is divided by 56178?
48
What is the remainder when 4830606 is divided by 12?
6
Calculate the remainder when 60936 is divided by 110.
106
Calculate the remainder when 3277 is divided by 165.
142
What is the remainder when 14431 is divided by 686?
25
Calculate the remainder when 463093 is divided by 163.
10
What is the remainder when 3705 is divided by 55?
20
What is the remainder when 1018184 is divided by 5303?
8
Calculate the remainder when 490802 is divided by 54.
50
What is the remainder when 18555 is divided by 1159?
11
What is the remainder when 37341 is divided by 48?
45
What is the remainder when 9429 is divided by 304?
5
What is the remainder when 411 is divided by 190?
31
Calculate the remainder when 8623 is divided by 12.
7
Calculate the remainder when 25274 is divided by 3609.
11
What is the remainder when 14856 is divided by 1543?
969
What is the remainder when 694 is divided by 58?
56
Calculate the remainder when 3235 is divided by 52.
11
What is the remainder when 37666 is divided by 129?
127
What is the remainder when 82489 is divided by 18?
13
What is the remainder when 7509 is divided by 2501?
6
What is the remainder when 942 is divided by 458?
26
Calculate the remainder when 327 is divided by 126.
75
What is the remainder when 697130 is divided by 135?
125
What is the remainder when 87632 is divided by 6739?
25
Calculate the remainder when 28117 is divided by 258.
253
What is the remainder when 1967 is divided by 178?
9
What is the remainder when 460554 is divided by 345?
324
Calculate the remainder when 5618 is divided by 256.
242
What is the remainder when 175791 is divided by 17?
11
What is the remainder when 25438 is divided by 25411?
27
Calculate the remainder when 13953 is divided by 20.
13
What is the remainder when 245 is divided by 46?
15
Calculate the remainder when 330853 is divided by 124.
21
Calculate the remainder when 10377 is divided by 101.
75
What is the remainder when 22644 is divided by 13?
11
What is the remainder when 4109 is divided by 32?
13
What is the remainder when 30111 is divided by 490?
221
What is the remainder when 62819 is divided by 528?
515
Calculate the remainder when 342 is divided by 162.
18
Calculate the remainder when 13859 is divided by 66.
65
What is the remainder when 51033 is divided by 452?
409
Calculate the remainder when 6529 is divided by 177.
157
Calculate the remainder when 58435 is divided by 46.
15
What is the remainder when 900034 is divided by 3?
1
Calculate the remainder when 1649 is divided by 839.
810
Calculate the remainder when 12196 is divided by 134.
2
What is the remainder when 2901 is divided by 590?
541
Calculate the remainder when 2763 is divided by 33.
24
Calculate the remainder when 105730 is divided by 101.
84
What is the remainder when 27037 is divided by 68?
41
Calculate the remainder when 27248 is divided by 368.
16
Calculate the remainder when 95720 is divided by 80.
40
What is the remainder when 291235 is divided by 503?
501
What is the remainder when 402 is divided by 109?
75
Calculate the remainder when 6313 is divided by 234.
229
Calculate the remainder when 53 is divided by 48.
5
What is the remainder when 43089 is divided by 7181?
3
Calculate the remainder when 242494 is divided by 74.
70
What is the remainder when 58936 is divided by 19?
17
Calculate the remainder when 47393 is divided by 291.
251
What is the remainder when 2159 is divided by 1037?
85
What is the remainder when 1917 is divided by 107?
98
Calculate the remainder when 1435536 is divided by 717763.
10
What is the remainder when 8758 is divided by 133?
113
What is the remainder when 2